 4*z. Let j = -64 - -74. Calculate the greatest common divisor of j and o.
10
Suppose 2*j - 333 = 2*o + 165, -4*o - 490 = -2*j. Suppose -2*b + 5*i = -124, 2*b = 3*b - i - 59. Let k = b + -34. What is the greatest common factor of j and k?
23
Suppose 1409 = -4*m + 1577. Calculate the greatest common factor of 357 and m.
21
Let a(h) = 223*h**3 + 3*h - 2. Let z be a(1). Calculate the highest common factor of 14 and z.
14
Let w be 1614/15 + (-16)/(-40). Calculate the highest common factor of w and 234.
18
Let n be (((-2288)/(-39))/22)/((-2)/(-138)). What is the highest common divisor of 16 and n?
8
Suppose 0 = -4*l + l + 15, -259 = -2*f - 5*l. Let c = 166 - f. What is the highest common divisor of c and 7?
7
Let h = -10 - -31. Let r be (-16)/(-12) - 8/6. Suppose r = 4*j - 143 - 25. Calculate the greatest common factor of j and h.
21
Suppose 0 = u - 6 + 9. Let l be u - (1 + -74 - 2). What is the greatest common factor of 36 and l?
36
Suppose 3 = 3*b + 4*i - 12, -4*b = 5*i - 19. Let d = b - 2. Let j be d/(-6) + 354/36. Calculate the highest common factor of 4 and j.
2
Let b = -36 - -21. Let i be 6/(((-36)/b)/4). Calculate the greatest common divisor of 50 and i.
10
Suppose -3*w - 40 = -5*w. Suppose w + 12 = 4*g. Let z be 3 + -5 + (71 - -3). Calculate the highest common divisor of z and g.
8
Let j = 5 - 1. Suppose -3*y = -2*f - 188, -2*f + 2*y = -0*f + 188. Let h be f/(-8) - (4 + 17/(-4)). What is the greatest common factor of j and h?
4
Suppose -b - 7 + 3 = 0. Let l(j) = j**3 + 5*j**2 + 2*j + 7. Let d be l(b). Suppose c - 45 = -0*c. Calculate the greatest common factor of c and d.
15
Let f = -97 + 104. Calculate the greatest common factor of f and 7.
7
Let l(g) = -g**3 - 4*g**2 + 6*g - 16. Let c be l(-6). Let n(o) = o**3 + 10*o**2 + o + 2. Let p be n(-6). Calculate the highest common divisor of c and p.
20
Let z = -348 - -986. What is the greatest common factor of 22 and z?
22
Let u(l) be the first derivative of -5*l**2 + 18*l - 28. Let w be u(-8). Calculate the highest common factor of 49 and w.
49
Let h(j) = -8*j - 1. Let i be h(-11). Let y be 1 + (i - 3) - 0. Let f = -29 + y. What is the greatest common factor of 7 and f?
7
Let v(x) = -x**3 + 2*x - 4. Let i be v(-3). Let y = -13 + i. Let w be 140 - (-2 + y/2). What is the greatest common divisor of 20 and w?
20
Suppose 4*z + 30 = 294. What is the greatest common divisor of z and 330?
66
Let g(r) = -932*r + 363. Let b be g(-3). Calculate the highest common divisor of b and 13.
13
Suppose 4*o - 2 = 14. Let d(y) = 23*y + 158. Let s be d(-6). What is the highest common divisor of o and s?
4
Let g(m) = -6*m**2 - 3*m - 16 - 2*m**3 + m**3 + 32. Let n be g(-5). What is the highest common divisor of 30 and n?
6
Let q(l) be the third derivative of -11*l**6/120 + l**5/20 + l**4/24 - l**3/6 - 9*l**2. Let d be q(-1). Calculate the greatest common factor of d and 3.
3
Let g(p) = p**3 + 3*p**2 - 10*p - 17. Let c be g(-4). What is the greatest common divisor of 203 and c?
7
Suppose -158*u + 84 = -116*u. Calculate the greatest common factor of u and 46.
2
Suppose 93 + 157 = 10*l. Let b be (-8)/20 - (-260)/l. What is the greatest common divisor of 90 and b?
10
Suppose 5*t + 5 = -4*f - 2, -3*f - 4*t - 5 = 0. Let h be 15 + 168/(-36) + (-2)/f. What is the highest common factor of 77 and h?
11
Suppose 946 = -2*v - 3*c - 2, c - 2404 = 5*v. Let f be (-3)/(-4*(-18)/v). What is the highest common factor of f and 20?
20
Let d(l) = 12 - l**2 - l**2 + 3*l**2 + 3*l. Let f be d(-5). Let k = f - -14. What is the highest common divisor of 4 and k?
4
Let w(m) = -m**2 - 3*m - 2. Let p be w(-2). Suppose s + r - 12 = p, -10 = r - 6*r. Calculate the highest common divisor of s and 70.
10
Let p be 39*((-12)/(-8) - 1/2). Calculate the greatest common divisor of 12 and p.
3
Let l = 288 - 189. Calculate the greatest common factor of 9 and l.
9
Let o(w) = w**3 + 2*w**2 + 3. Let b be o(-3). Let h be (b/5)/3*-50. Let y = 33 - 25. What is the highest common factor of y and h?
4
Let y(m) = -11*m**2 - 2*m - m**3 - 4 + 0*m**3 + 9*m**2 + 5*m. Let n be y(-4). Calculate the greatest common divisor of 2 and n.
2
Suppose 4*v - r - 1955 = 0, 4*v - 5*r - 1801 = 134. What is the greatest common divisor of 10 and v?
10
Suppose 6*x = -2*x + 16. Let o(d) = d + 4. Let m be o(4). Calculate the greatest common factor of x and m.
2
Let o = 5 - -81. Let b = o + -70. Calculate the greatest common divisor of b and 32.
16
Let t be 1/((-25)/(-40) + 3/(-8)). Suppose 2*z = 2*l + 64, 0 = 2*z - l + 3*l - 48. What is the greatest common divisor of z and t?
4
Let q(s) = s**2 + s - 8. Let o be q(-4). Suppose 8*t - 4*t = o. Calculate the highest common factor of t and 1.
1
Let m = 169 - 70. Suppose 0 = -9*a + 12*a - m. Calculate the greatest common factor of 3 and a.
3
Suppose -p + 40 = -3. Let l = p - -144. Calculate the greatest common divisor of 17 and l.
17
Let t(z) = z**2 - 5*z + 2. Let a be t(6). Let d be -4 + (-47 - -2 - -3). Let s = d + 66. Calculate the highest common divisor of a and s.
4
Let g(j) = -j**3 - j**2 + j + 26. Let r(c) = -c - 3. Let q be r(-3). Let t be g(q). What is the greatest common divisor of 2 and t?
2
Let n(p) = 17*p**2 - p + 2. Suppose 8*h - 20 = 4*h. Suppose -o = -h*o + 4. Let u be n(o). Calculate the highest common divisor of 72 and u.
18
Let m be (-49 - (-1 + 0))*(-15)/30. Calculate the greatest common divisor of 21 and m.
3
Let r = -851 + 1091. Calculate the greatest common factor of 208 and r.
16
Let w(n) = 232*n - 23. Let o be w(1). What is the greatest common divisor of 55 and o?
11
Let p = 151 + -81. Let d(c) = c**3 - 66*c**2 + 255*c - 394. Let j be d(62). Calculate the greatest common factor of j and p.
10
Suppose -16 = 4*o, -o + 16 = 5*m - 5. Let i(l) = 6*l + 9. Let y be i(m). What is the greatest common factor of 52 and y?
13
Suppose 0 = -11*v + 5*v + 36. Suppose 2*y + 40 = 3*i, -52 = -v*i + 2*i + 2*y. Calculate the highest common factor of 84 and i.
12
Let h(x) = -x**2 + 16*x - 16. Let u be h(15). Let p = 89 - u. Calculate the greatest common divisor of 10 and p.
10
Let v be (-2 - 39/(-15))/(4/60). What is the highest common factor of 36 and v?
9
Let w = -7 + 7. Suppose w*a - a = 2*q, q - 2*a - 10 = 0. Let p = 33 + q. What is the highest common factor of 5 and p?
5
Let c = -13 + 24. Suppose -2 = 3*m - 2*u + 7, -4*m + c = 5*u. Let z be (m/(-1))/((-10)/(-320)). What is the greatest common factor of 80 and z?
16
Suppose -12*u + 7*u + 100 = 0. Let g be -3 - (-188)/u - 8/20. What is the highest common divisor of 30 and g?
6
Suppose -3*p - 193 = -2*w, w + 4*p - 396 = -3*w. Suppose 0 = -28*m + 23*m + 70. What is the greatest common divisor of m and w?
14
Suppose 3*d - 50 = -5*g + 213, 0 = -2*d + 2. What is the greatest common factor of g and 4?
4
Suppose 11 = c - 1. Suppose 15*y + 29*y - 323 = 469. What is the greatest common divisor of c and y?
6
Let l be (2*-1)/(4/(-2)). Let g be 0/(10/(30/9)). Suppose -11*n + 0 + 88 = g. Calculate the highest common divisor of n and l.
1
Let k(y) = -y**3 - y**2 + 26*y + 105. Let m be k(-5). Calculate the greatest common divisor of m and 390.
15
Let i(k) = k**2 - 9*k - 9. Let n be i(11). Let d(z) = -1 + 4*z + 3 - 5 + 0*z. Let j be d(4). Calculate the highest common factor of j and n.
13
Let g(v) = 2*v**3 - 20*v**2 - 2*v + 18. Let j be g(10). Let n(b) = b + 17. Let m be n(j). What is the greatest common factor of m and 135?
15
Let v = -92 - -134. Let z = v + -38. Suppose -40 = 4*n - 120. What is the greatest common divisor of z and n?
4
Let o be (-2*(-26)/(-6))/((-8)/36). What is the greatest common divisor of o and 325?
13
Suppose 5*a = -t + 89, 5*t = 3*t - 2. What is the highest common factor of 2286 and a?
18
Let q be (-6)/21 - (-7020)/21. Suppose 7*u - 1335 = -q. Calculate the greatest common factor of 13 and u.
13
Let p be (1/2)/((-3)/6). Let g be p*(-3 + 2 + -2). Let j be 135/(g + -6)*-1. Calculate the greatest common divisor of j and 9.
9
Suppose -x + 22 + 3 = -k, 4*x + 4*k - 60 = 0. Suppose 6*d - 2*d + 92 = 0. Let s = d - -27. Calculate the greatest common factor of x and s.
4
Let b be ((-7)/(-14))/(2/120). Let y = b - -6. Let w(g) = g**3 - 10*g**2 - 8*g - 9. Let v be w(11). Calculate the highest common factor of v and y.
12
Let l(x) = 36*x**2 - 33*x + 156. Let o be l(5). What is the greate